highest common divisor of 2466 and 3?
3
Calculate the highest common divisor of 63 and 56.
7
Calculate the greatest common factor of 6713 and 137.
137
What is the greatest common factor of 5725 and 50?
25
Calculate the greatest common divisor of 8 and 1336.
8
What is the highest common divisor of 21 and 20692?
7
What is the greatest common factor of 1273 and 67?
67
What is the highest common factor of 42 and 266?
14
What is the highest common factor of 14 and 21?
7
Calculate the highest common factor of 435 and 45.
15
Calculate the greatest common divisor of 85 and 102.
17
What is the greatest common factor of 45 and 144?
9
Calculate the highest common factor of 273 and 4485.
39
What is the highest common divisor of 128 and 1504?
32
What is the highest common factor of 21125 and 250?
125
Calculate the greatest common divisor of 141 and 4747.
47
Calculate the greatest common factor of 104 and 11908.
52
What is the greatest common factor of 109 and 8?
1
Calculate the highest common factor of 111 and 518.
37
Calculate the highest common factor of 1800 and 126.
18
What is the greatest common factor of 64 and 3664?
16
What is the greatest common divisor of 3317 and 214?
107
What is the greatest common divisor of 147 and 3?
3
Calculate the greatest common divisor of 1849 and 215.
43
Calculate the greatest common factor of 128 and 5024.
32
Calculate the highest common factor of 50 and 9475.
25
What is the highest common divisor of 4986 and 18?
18
What is the highest common factor of 7 and 1939?
7
What is the greatest common divisor of 1313 and 247?
13
What is the highest common factor of 90 and 765?
45
Calculate the highest common factor of 319 and 551.
29
What is the highest common divisor of 64 and 2208?
32
Calculate the greatest common divisor of 19 and 31673.
19
What is the highest common divisor of 280 and 10720?
40
Calculate the greatest common factor of 11535 and 15.
15
What is the greatest common factor of 25 and 745?
5
What is the greatest common factor of 17 and 4913?
17
Calculate the greatest common factor of 752 and 423.
47
Calculate the greatest common factor of 116 and 2117.
29
What is the greatest common factor of 606 and 6464?
202
What is the greatest common divisor of 14020 and 20?
20
Calculate the greatest common divisor of 240 and 9.
3
What is the greatest common factor of 51 and 85?
17
What is the highest common factor of 7116 and 12?
12
What is the highest common divisor of 546 and 126?
42
What is the greatest common divisor of 90 and 160?
10
Calculate the highest common factor of 176 and 32.
16
Calculate the greatest common factor of 216 and 348.
12
What is the greatest common factor of 26 and 351?
13
What is the highest common divisor of 183 and 74847?
183
Calculate the highest common divisor of 225 and 25.
25
What is the greatest common factor of 6958 and 196?
98
What is the highest common factor of 6 and 1128?
6
Calculate the highest common divisor of 128 and 26816.
64
Calculate the highest common factor of 4394 and 26.
26
Calculate the greatest common divisor of 30 and 535.
5
Calculate the greatest common factor of 250 and 950.
50
What is the greatest common divisor of 84 and 4396?
28
What is the highest common divisor of 407 and 88?
11
Calculate the greatest common factor of 182 and 112.
14
What is the greatest common divisor of 3768 and 4?
4
Calculate the greatest common divisor of 3245 and 242.
11
What is the highest common divisor of 5 and 5?
5
Calculate the greatest common factor of 53 and 954.
53
What is the highest common factor of 1539 and 570?
57
Calculate the greatest common factor of 27 and 387.
9
What is the greatest common divisor of 112 and 3264?
16
Calculate the greatest common factor of 711 and 158.
79
Calculate the greatest common factor of 137 and 137.
137
Calculate the highest common factor of 40 and 45.
5
Calculate the highest common divisor of 38 and 2774.
38
What is the greatest common factor of 1435 and 2665?
205
Calculate the greatest common divisor of 99 and 179982.
99
What is the highest common divisor of 245 and 385?
35
What is the highest common factor of 22022 and 910?
182
What is the greatest common divisor of 6844 and 580?
116
What is the highest common divisor of 54 and 126?
18
What is the greatest common divisor of 60 and 990?
30
Calculate the highest common divisor of 233 and 16543.
233
What is the highest common factor of 287 and 9?
1
What is the greatest common divisor of 6 and 24?
6
Calculate the highest common factor of 6 and 6.
6
Calculate the highest common factor of 1348 and 2.
2
What is the greatest common divisor of 723 and 3?
3
What is the highest common factor of 3 and 15?
3
What is the highest common factor of 81 and 1404?
27
What is the highest common factor of 81 and 27?
27
What is the greatest common factor of 18 and 369?
9
What is the highest common divisor of 154 and 1617?
77
What is the greatest common divisor of 700 and 70?
70
What is the greatest common divisor of 42 and 672?
42
What is the greatest common factor of 165 and 2265?
15
What is the greatest common divisor of 12 and 72?
12
What is the greatest common factor of 32 and 84288?
32
What is the greatest common factor of 28 and 188?
4
What is the highest common factor of 418 and 44?
22
What is the highest common factor of 237 and 9164?
79
What is the greatest common divisor of 40 and 30?
10
What is the greatest common divisor of 275 and 75?
25
What is the highest common divisor of 3225 and 86?
43
What is the highest common divisor of 10 and 2815?
5
What is the greatest common divisor of 300 and 7000?
100
Calculate the highest common divisor of 400 and 50.
50
What is the greatest common factor of 5671 and 107?
107
Calculate the highest common factor of 1340 and 60.
20
Calculate the highest common divisor of 175 and 245.
35
What is the highest common divisor of 133 and 14?
7
What is the greatest common factor of 69 and 3?
3
What is the greatest common factor of 3010 and 70?
70
What is the highest common divisor of 253 and 33?
11
What is the greatest common divisor of 17 and 2873?
17
Calculate the highest common factor of 592 and 1628.
148
Calculate the highest common divisor of 280 and 770.
70
What is the highest common divisor of 180 and 408?
12
What is the greatest common divisor of 399 and 5250?
21
Calculate the greatest common divisor of 1978 and 86.
86
What is the greatest common divisor of 480 and 75?
15
Calculate the greatest common factor of 200 and 25100.
100
What is the greatest common factor of 100 and 75?
25
What is the greatest common divisor of 117 and 72?
9
What is the highest common divisor of 9118 and 376?
94
What is the highest common factor of 10968 and 84?
12
Calculate the greatest common divisor of 168 and 3318.
42
Calculate the highest common divisor of 275 and 775.
25
Calculate the highest common factor of 767 and 39.
13
What is the greatest common divisor of 3096 and 172?
172
Calculate the highest common divisor of 885 and 15.
15
Calculate the highest common divisor of 1428 and 8.
4
What is the greatest common factor of 117 and 1391?
13
What is the highest common factor of 148 and 333?
37
What is the highest common divisor of 5875 and 1125?
125
Calculate the highest common divisor of 966 and 1472.
46
Calculate the highest common factor of 19 and 57.
19
What is the greatest common factor of 57 and 38?
19
Calculate the greatest common factor of 1152 and 36.
36
What is the greatest common divisor of 34 and 2924?
34
What is the greatest common factor of 1258 and 34?
34
What is the highest common divisor of 7 and 721?
7
Calculate the highest common factor of 22925 and 175.
175
Calculate the highest common divisor of 57 and 209.
19
What is the highest common factor of 64 and 904?
8
What is the greatest common divisor of 2967 and 1548?
129
Calculate the highest common factor of 56 and 88.
8
What is the highest common factor of 2 and 34?
2
What is the highest common factor of 707 and 7?
7
What is the highest common factor of 52 and 13?
13
Calculate the highest common divisor of 900 and 36.
36
What is the highest common divisor of 1078 and 98?
98
What is the highest common factor of 1 and 81?
1
What is the highest common divisor of 156 and 864?
12
What is the greatest common divisor of 36 and 852?
1